ase 2, what is -10 - 1000100100010100111?
-1000100100010101001
In base 7, what is -2 + 64236?
64234
In base 2, what is 11101010101000 + 11001?
11101011000001
In base 6, what is 22335 + 33?
22412
In base 13, what is 17c88a + 0?
17c88a
In base 15, what is 39 + 2cd?
317
In base 13, what is -1326 - 5?
-132b
In base 11, what is 29305 - 26?
2928a
In base 2, what is -1 + 1001001001101?
1001001001100
In base 8, what is 13361 - -3?
13364
In base 16, what is -c1f - -10?
-c0f
In base 9, what is 136 - -52121?
52257
In base 13, what is -4b099 - 2?
-4b09b
In base 12, what is -2a680 - -2?
-2a67a
In base 7, what is 463 + 4601?
5364
In base 14, what is -89d - 11?
-8b0
In base 16, what is -121 + 2734?
2613
In base 9, what is 114 + -5087?
-4873
In base 5, what is -4420 - -2301?
-2114
In base 15, what is 4 - -cb33?
cb37
In base 3, what is -122122012120 - -10?
-122122012110
In base 13, what is 4 + 363ca?
36401
In base 4, what is 11213003112 - 0?
11213003112
In base 6, what is -5431413 + -11?
-5431424
In base 14, what is -3203 + 3b?
-31a6
In base 9, what is -56 + -1357?
-1424
In base 2, what is 11 - -100100000010000100011?
100100000010000100110
In base 10, what is -25 + 157?
132
In base 11, what is 76408 - 0?
76408
In base 7, what is 64 + -30664?
-30600
In base 15, what is 478 - a5?
3c3
In base 15, what is -5 + -9208?
-920d
In base 6, what is 1000 + 2044?
3044
In base 5, what is 102104022 - 3?
102104014
In base 4, what is 301231123 + -21?
301231102
In base 10, what is 23382 - -14?
23396
In base 8, what is 505673 + -3?
505670
In base 16, what is 26 - 755?
-72f
In base 7, what is 13 - 20355?
-20342
In base 5, what is -1421013 + -1?
-1421014
In base 8, what is 4270 + 46?
4336
In base 3, what is -11122011102 + -1?
-11122011110
In base 7, what is 3 - -526121?
526124
In base 10, what is -60 - 1131?
-1191
In base 9, what is -654631 + 0?
-654631
In base 14, what is cb - -1a?
107
In base 15, what is 1e - -23c9?
23e8
In base 10, what is 435871 + -7?
435864
In base 9, what is -25033 + 1?
-25032
In base 7, what is 4 - 215320?
-215313
In base 8, what is -152 + -255722?
-256074
In base 8, what is -720447 - -11?
-720436
In base 11, what is 964 - 0?
964
In base 10, what is -107 + 27325?
27218
In base 14, what is 35 - -da?
131
In base 15, what is 5 + -15d2?
-15cc
In base 16, what is 77da + -20?
77ba
In base 6, what is 25555 + 12?
30011
In base 4, what is 3030 + -21331?
-12301
In base 16, what is 115 + -40d3?
-3fbe
In base 12, what is 118293 + 9?
1182a0
In base 10, what is -28783 - 2?
-28785
In base 7, what is -133310 + -2?
-133312
In base 11, what is 10169a2 + 0?
10169a2
In base 10, what is 84 - -795?
879
In base 11, what is 1963020 + 0?
1963020
In base 4, what is -222333 - 323?
-223322
In base 2, what is 1100000011001110 + 101?
1100000011010011
In base 5, what is 431303 - 2?
431301
In base 4, what is -130120 + 110?
-130010
In base 15, what is 0 + 250d1?
250d1
In base 14, what is 7 - -844?
84b
In base 9, what is 6285 + -11?
6274
In base 2, what is -100 - -11011101100010?
11011101011110
In base 6, what is 120 - 14?
102
In base 6, what is -1 + -41400?
-41401
In base 12, what is -215 - -1a5?
-30
In base 3, what is 10 - 1220101000112?
-1220101000102
In base 10, what is -23 - 282?
-305
In base 14, what is 2101119 + 1?
210111a
In base 3, what is -21 + -11211011201?
-11211011222
In base 13, what is 5 + 125a6?
125ab
In base 9, what is -1 + -82565?
-82566
In base 16, what is 165b3 + a?
165bd
In base 7, what is -3 + -352145?
-352151
In base 14, what is -69 - 13ac7?
-13b52
In base 12, what is -1231a2 + -5?
-1231a7
In base 2, what is -1111011100100010 + -101?
-1111011100100111
In base 7, what is 1444 + 335?
2112
In base 2, what is 100 + 1100100100001111111?
1100100100010000011
In base 8, what is -6 + -154?
-162
In base 5, what is 340 - -12030?
12420
In base 16, what is -8 + 164f?
1647
In base 16, what is -15 - -1bab?
1b96
In base 12, what is -1 + -701a?
-701b
In base 9, what is -1284 - -13?
-1271
In base 2, what is -10101101010 - 1011000011?
-100000101101
In base 7, what is 15020 - 25?
14662
In base 14, what is 1d99a - -5?
1d9a1
In base 13, what is 5 - -423a7?
423ac
In base 14, what is 20 - -14a5?
14c5
In base 4, what is -12 + 1223222102?
1223222030
In base 8, what is -1731 + 6573?
4642
In base 3, what is 0 + 122001220?
122001220
In base 16, what is -5 + 3923?
391e
In base 16, what is -191 - 2e1?
-472
In base 11, what is 2 + -692a?
-6928
In base 5, what is 2 - -40144130?
40144132
In base 10, what is -1 + -49928?
-49929
In base 5, what is 1420143 + -32?
1420111
In base 3, what is 111212011 - 2?
111212002
In base 4, what is -200310 + 2302?
-132002
In base 9, what is -4 + 66778?
66774
In base 15, what is -3 - 10d6?
-10d9
In base 12, what is -2 - 505?
-507
In base 14, what is 6a9 - -a?
6b5
In base 3, what is -1 - -110210202?
110210201
In base 8, what is -1 + 150120?
150117
In base 16, what is 381 - 1e?
363
In base 6, what is 225 + -143?
42
In base 14, what is 4 + -1112a4?
-1112a0
In base 10, what is -61 + 21147?
21086
In base 15, what is 3b + -ac17?
-abcb
In base 15, what is 2d9be - 1?
2d9bd
In base 5, what is 3 + -211340?
-211332
In base 12, what is -b30 - 27?
-b57
In base 9, what is -180844 - -6?
-180837
In base 8, what is 0 - -240244?
240244
In base 11, what is -11158 + 5?
-11153
In base 15, what is 1aa34 + 1?
1aa35
In base 4, what is 11 + -20221202?
-20221131
In base 7, what is -12016253 - -5?
-12016245
In base 13, what is 0 + -7ab14?
-7ab14
In base 13, what is -35b0 + 18?
-3595
In base 4, what is 11 + 2221201?
2221212
In base 7, what is -103254 + 3?
-103251
In base 12, what is -5 - -18b195?
18b190
In base 11, what is -523150 + a?
-523141
In base 10, what is -29853 + 38?
-29815
In base 4, what is -21 - -2013000?
2012313
In base 15, what is d + 133?
141
In base 11, what is 732 + 7?
739
In base 16, what is -6 + 41ee?
41e8
In base 5, what is 43223034 - -10?
43223044
In base 5, what is -23020 - -2?
-23013
In base 16, what is -50e + 160?
-3ae
In base 12, what is -11128 - -1?
-11127
In base 14, what is -78 + 351?
2b7
In base 8, what is 136426 - -154?
136602
In base 15, what is 2 + -110562?
-110560
In base 10, what is -36 - -29263?
29227
In base 3, what is -12001001202 - 0?
-12001001202
In base 4, what is -11001312 + -1?
-11001313
In base 3, what is -22122 - -222200?
200001
In base 12, what is -28a + -1056?
-1324
In base 4, what is 232002 - 1102?
230300
In base 16, what is -1 - 6275?
-6276
In base 4, what is 1320 - 2332?
-1012
In base 12, what is -3858a + -2?
-38590
In base 3, what is -112 + 2102222?
2102110
In base 16, what is -13fbb + -32?
-13fed
In base 4, what is 300 + 10022022?
10022322
In base 2, what is -101011100000111 - 101?
-101011100001100
In base 9, what is -716 + 101?
-615
In base 8, what is 3 + -115104?
-115101
In base 12, what is 5 - b99b?
-b996
In base 2, what is -1010 - 11010101101101?
-11010101110111
In base 2, what is 1111 - -1010000010000?
1010000011111
In base 4, what is 22103022 + -2?
22103020
In base 13, what is -b8 - -202?
117
In base 4, what is -330022 - -3230?
-320132
In base 6, what is 43 + 12503?
12550
In base 8, what is 173775 + -1?
173774
In base 15, what is 244 + 83?
2c7
In base 8, what is 21076003 + -2?
21076001
In base 8, what is -3 - -4227371?
4227366
In base 10, what is -5 + 303185?
303180
In base 14, what is -4d29 - 15?
-4d40
In base 16, what is 0 + -a15e?
-a15e
In base 8, what is 15 - 34402?
-34365
In base 12, what is 2 + 55181?
55183
In base 16, what is 79 - -331?
3aa
In base 6, what is 1 + 55240?
55241
In base 4, what is 2 - 2220110?
-2220102
In base 16, what is 20 + -1daa2?
-1da82
In base 7, what is -5 - -1233141?
1233133
In base 12, what is 2 - -59649?
5964b
In base 16, what is -afa1 - 5?
-afa6
In base 14, what is 4 + -142422?
-14241c
In base 4, what is -102311122 - 30?
-102311212
In base 5, what is -242 - 2220?
-3012
In base 6, what is -4030024 + -3?
-4030031
In base 16, what is -2 - cdfd?
-cdff
In base 6, what is -2310 - -221?
-2045
In base 9, what is -4018 - 638?
-4657
In base 2, what is 10 + -11111011010110001010?
-11111011010110001000
In base 2, what is 100000111111 - -10010000000?
110010111111
In base 7, what is 14530 - -25?
14555
In base 9, what is -3347 - -7?
-3340
In base 14, what is 373c54 - 0?
373c54
In base 16, what is -f + -23f?
-24e
In base 